{"id":9054,"date":"2024-05-24T17:23:27","date_gmt":"2024-05-24T17:23:27","guid":{"rendered":"https:\/\/tplabs.co\/ametok\/?page_id=9054"},"modified":"2024-05-24T17:25:02","modified_gmt":"2024-05-24T17:25:02","slug":"impressum","status":"publish","type":"page","link":"https:\/\/maler-pllana.de\/index.php\/impressum\/","title":{"rendered":"Impressum"},"content":{"rendered":"\t\t<div data-elementor-type=\"wp-page\" data-elementor-id=\"9054\" class=\"elementor elementor-9054\">\n\t\t\t\t<div class=\"elementor-element elementor-element-2aba17b3 e-flex e-con-boxed e-con e-parent\" data-id=\"2aba17b3\" data-element_type=\"container\">\n\t\t\t\t\t<div class=\"e-con-inner\">\n\t\t\t\t<div class=\"elementor-element elementor-element-7f358fd2 elementor-widget elementor-widget-text-editor\" data-id=\"7f358fd2\" data-element_type=\"widget\" data-widget_type=\"text-editor.default\">\n\t\t\t\t<div class=\"elementor-widget-container\">\n\t\t\t\t\t\t\t\t\t<h1>Impressum<\/h1>\n<p>Labinot Pllana<br \/>Malerbetrieb Pllana<br \/>Siebenb\u00fcrgenstra\u00dfe 14<br \/>74081 Heilbronn<\/p>\n<h2>Kontakt<\/h2>\n<p>Telefon: 01703557573<br \/>E-Mail: info@maler-pllana.de<\/p>\n<h2>Umsatzsteuer-ID<\/h2>\n<p>Umsatzsteuer-Identifikationsnummer gem\u00e4\u00df \u00a7 27 a Umsatzsteuergesetz:<br \/>6531831997<\/p>\n<h2>Aufsichtsbeh\u00f6rde<\/h2>\n<p>Handwerkskammer Heilbronn-Franken<br \/>Allee 76<br \/>74072 Heilbronn<\/p>\n<p><a href=\"https:\/\/www.hwk-heilbronn.de\/\" target=\"_blank\" rel=\"noopener noreferrer\">https:\/\/www.hwk-heilbronn.de\/<\/a><\/p>\n<h2>Angaben zur Berufs\u00adhaftpflicht\u00adversicherung<\/h2>\n<p><strong>Name und Sitz des Versicherers:<\/strong><br \/>VR Bank Heilb. Schw\u00e4b. Hall eG<br \/>VRB Heilb. Schw\u00e4b. Hall eG FK<br \/>Dietrich-Bonhoeffer-Platz 1<br \/>74523 Schw\u00e4bisch Hall<\/p>\n<p><strong>Geltungsraum der Versicherung:<\/strong><br \/>Deutschland<\/p>\n<h2>Verbraucher\u00adstreit\u00adbeilegung\/Universal\u00adschlichtungs\u00adstelle<\/h2>\n<p>Wir sind nicht bereit oder verpflichtet, an Streitbeilegungsverfahren vor einer Verbraucherschlichtungsstelle teilzunehmen.<\/p>\n<p>Quelle: <a href=\"https:\/\/www.e-recht24.de\">https:\/\/www.e-recht24.de<\/a><\/p>\t\t\t\t\t\t\t\t<\/div>\n\t\t\t\t<\/div>\n\t\t\t\t\t<\/div>\n\t\t\t\t<\/div>\n\t\t\t\t<\/div>\n\t\t","protected":false},"excerpt":{"rendered":"<p>Impressum Labinot PllanaMalerbetrieb PllanaSiebenb\u00fcrgenstra\u00dfe 1474081 Heilbronn Kontakt Telefon: 01703557573E-Mail: info@maler-pllana.de Umsatzsteuer-ID Umsatzsteuer-Identifikationsnummer gem\u00e4\u00df \u00a7 27 a Umsatzsteuergesetz:6531831997 Aufsichtsbeh\u00f6rde Handwerkskammer Heilbronn-FrankenAllee 7674072 Heilbronn https:\/\/www.hwk-heilbronn.de\/ Angaben zur Berufs\u00adhaftpflicht\u00adversicherung Name und Sitz des Versicherers:VR Bank Heilb. Schw\u00e4b. Hall eGVRB Heilb. Schw\u00e4b. Hall eG FKDietrich-Bonhoeffer-Platz 174523 Schw\u00e4bisch Hall Geltungsraum der Versicherung:Deutschland Verbraucher\u00adstreit\u00adbeilegung\/Universal\u00adschlichtungs\u00adstelle Wir sind<\/p>\n","protected":false},"author":1,"featured_media":0,"parent":0,"menu_order":0,"comment_status":"closed","ping_status":"closed","template":"","meta":{"om_disable_all_campaigns":false,"_monsterinsights_skip_tracking":false,"_monsterinsights_sitenote_active":false,"_monsterinsights_sitenote_note":"","_monsterinsights_sitenote_category":0,"footnotes":""},"class_list":["post-9054","page","type-page","status-publish","hentry"],"aioseo_notices":[],"_links":{"self":[{"href":"https:\/\/maler-pllana.de\/index.php\/wp-json\/wp\/v2\/pages\/9054","targetHints":{"allow":["GET"]}}],"collection":[{"href":"https:\/\/maler-pllana.de\/index.php\/wp-json\/wp\/v2\/pages"}],"about":[{"href":"https:\/\/maler-pllana.de\/index.php\/wp-json\/wp\/v2\/types\/page"}],"author":[{"embeddable":true,"href":"https:\/\/maler-pllana.de\/index.php\/wp-json\/wp\/v2\/users\/1"}],"replies":[{"embeddable":true,"href":"https:\/\/maler-pllana.de\/index.php\/wp-json\/wp\/v2\/comments?post=9054"}],"version-history":[{"count":4,"href":"https:\/\/maler-pllana.de\/index.php\/wp-json\/wp\/v2\/pages\/9054\/revisions"}],"predecessor-version":[{"id":9500,"href":"https:\/\/maler-pllana.de\/index.php\/wp-json\/wp\/v2\/pages\/9054\/revisions\/9500"}],"wp:attachment":[{"href":"https:\/\/maler-pllana.de\/index.php\/wp-json\/wp\/v2\/media?parent=9054"}],"curies":[{"name":"wp","href":"https:\/\/api.w.org\/{rel}","templated":true}]}}